{"id":10,"date":"2021-09-12T19:42:55","date_gmt":"2021-09-12T19:42:55","guid":{"rendered":"https:\/\/nami-tech.es\/?page_id=10"},"modified":"2023-02-18T08:59:12","modified_gmt":"2023-02-18T08:59:12","slug":"inicio-empresa-tecnologica-aplicaciones","status":"publish","type":"page","link":"https:\/\/nami-tech.es\/","title":{"rendered":"Inicio"},"content":{"rendered":"","protected":false},"excerpt":{"rendered":"","protected":false},"author":1,"featured_media":24,"parent":0,"menu_order":0,"comment_status":"closed","ping_status":"closed","template":"","meta":[],"yoast_head":"<!-- This site is optimized with the Yoast SEO plugin v19.13 - https:\/\/yoast.com\/wordpress\/plugins\/seo\/ -->\n<title>Inicio - NaMi Tech<\/title>\n<meta name=\"description\" content=\"\u00a1Bienvenido! ya est\u00e1s un paso m\u00e1s cerca de hacer que tu d\u00eda a d\u00eda sea m\u00e1s sencilla y saludable, gracias a nuestras Apps adaptadas a ti.\" \/>\n<meta name=\"robots\" content=\"index, follow, max-snippet:-1, max-image-preview:large, max-video-preview:-1\" \/>\n<link rel=\"canonical\" href=\"https:\/\/nami-tech.es\/\" \/>\n<meta property=\"og:locale\" content=\"es_ES\" \/>\n<meta property=\"og:type\" content=\"article\" \/>\n<meta property=\"og:title\" content=\"Inicio - NaMi Tech\" \/>\n<meta property=\"og:description\" content=\"\u00a1Bienvenido! ya est\u00e1s un paso m\u00e1s cerca de hacer que tu d\u00eda a d\u00eda sea m\u00e1s sencilla y saludable, gracias a nuestras Apps adaptadas a ti.\" \/>\n<meta property=\"og:url\" content=\"https:\/\/nami-tech.es\/\" \/>\n<meta property=\"og:site_name\" content=\"NaMi Tech\" \/>\n<meta property=\"article:modified_time\" content=\"2023-02-18T08:59:12+00:00\" \/>\n<meta property=\"og:image\" content=\"https:\/\/nami-tech.es\/wp-content\/uploads\/2021\/09\/fondo_index-1-scaled.jpeg\" \/>\n\t<meta property=\"og:image:width\" content=\"2560\" \/>\n\t<meta property=\"og:image:height\" content=\"1920\" \/>\n\t<meta property=\"og:image:type\" content=\"image\/jpeg\" \/>\n<meta name=\"twitter:card\" content=\"summary_large_image\" \/>\n<script type=\"application\/ld+json\" class=\"yoast-schema-graph\">{\"@context\":\"https:\/\/schema.org\",\"@graph\":[{\"@type\":\"WebPage\",\"@id\":\"https:\/\/nami-tech.es\/\",\"url\":\"https:\/\/nami-tech.es\/\",\"name\":\"Inicio - NaMi Tech\",\"isPartOf\":{\"@id\":\"https:\/\/nami-tech.es\/#website\"},\"datePublished\":\"2021-09-12T19:42:55+00:00\",\"dateModified\":\"2023-02-18T08:59:12+00:00\",\"description\":\"\u00a1Bienvenido! ya est\u00e1s un paso m\u00e1s cerca de hacer que tu d\u00eda a d\u00eda sea m\u00e1s sencilla y saludable, gracias a nuestras Apps adaptadas a ti.\",\"breadcrumb\":{\"@id\":\"https:\/\/nami-tech.es\/#breadcrumb\"},\"inLanguage\":\"es\",\"potentialAction\":[{\"@type\":\"ReadAction\",\"target\":[\"https:\/\/nami-tech.es\/\"]}]},{\"@type\":\"BreadcrumbList\",\"@id\":\"https:\/\/nami-tech.es\/#breadcrumb\",\"itemListElement\":[{\"@type\":\"ListItem\",\"position\":1,\"name\":\"Portada\",\"item\":\"https:\/\/nami-tech.es\/\"},{\"@type\":\"ListItem\",\"position\":2,\"name\":\"Inicio\"}]},{\"@type\":\"WebSite\",\"@id\":\"https:\/\/nami-tech.es\/#website\",\"url\":\"https:\/\/nami-tech.es\/\",\"name\":\"NaMi Tech\",\"description\":\"Your life, easier\",\"publisher\":{\"@id\":\"https:\/\/nami-tech.es\/#organization\"},\"potentialAction\":[{\"@type\":\"SearchAction\",\"target\":{\"@type\":\"EntryPoint\",\"urlTemplate\":\"https:\/\/nami-tech.es\/?s={search_term_string}\"},\"query-input\":\"required name=search_term_string\"}],\"inLanguage\":\"es\"},{\"@type\":\"Organization\",\"@id\":\"https:\/\/nami-tech.es\/#organization\",\"name\":\"NaMi Tech\",\"url\":\"https:\/\/nami-tech.es\/\",\"logo\":{\"@type\":\"ImageObject\",\"inLanguage\":\"es\",\"@id\":\"https:\/\/nami-tech.es\/#\/schema\/logo\/image\/\",\"url\":\"https:\/\/nami-tech.es\/wp-content\/uploads\/2021\/09\/cropped-nami-1-1.png\",\"contentUrl\":\"https:\/\/nami-tech.es\/wp-content\/uploads\/2021\/09\/cropped-nami-1-1.png\",\"width\":270,\"height\":270,\"caption\":\"NaMi Tech\"},\"image\":{\"@id\":\"https:\/\/nami-tech.es\/#\/schema\/logo\/image\/\"}}]}<\/script>\n<!-- \/ Yoast SEO plugin. -->","yoast_head_json":{"title":"Inicio - NaMi Tech","description":"\u00a1Bienvenido! ya est\u00e1s un paso m\u00e1s cerca de hacer que tu d\u00eda a d\u00eda sea m\u00e1s sencilla y saludable, gracias a nuestras Apps adaptadas a ti.","robots":{"index":"index","follow":"follow","max-snippet":"max-snippet:-1","max-image-preview":"max-image-preview:large","max-video-preview":"max-video-preview:-1"},"canonical":"https:\/\/nami-tech.es\/","og_locale":"es_ES","og_type":"article","og_title":"Inicio - NaMi Tech","og_description":"\u00a1Bienvenido! ya est\u00e1s un paso m\u00e1s cerca de hacer que tu d\u00eda a d\u00eda sea m\u00e1s sencilla y saludable, gracias a nuestras Apps adaptadas a ti.","og_url":"https:\/\/nami-tech.es\/","og_site_name":"NaMi Tech","article_modified_time":"2023-02-18T08:59:12+00:00","og_image":[{"width":2560,"height":1920,"url":"https:\/\/nami-tech.es\/wp-content\/uploads\/2021\/09\/fondo_index-1-scaled.jpeg","type":"image\/jpeg"}],"twitter_card":"summary_large_image","schema":{"@context":"https:\/\/schema.org","@graph":[{"@type":"WebPage","@id":"https:\/\/nami-tech.es\/","url":"https:\/\/nami-tech.es\/","name":"Inicio - NaMi Tech","isPartOf":{"@id":"https:\/\/nami-tech.es\/#website"},"datePublished":"2021-09-12T19:42:55+00:00","dateModified":"2023-02-18T08:59:12+00:00","description":"\u00a1Bienvenido! ya est\u00e1s un paso m\u00e1s cerca de hacer que tu d\u00eda a d\u00eda sea m\u00e1s sencilla y saludable, gracias a nuestras Apps adaptadas a ti.","breadcrumb":{"@id":"https:\/\/nami-tech.es\/#breadcrumb"},"inLanguage":"es","potentialAction":[{"@type":"ReadAction","target":["https:\/\/nami-tech.es\/"]}]},{"@type":"BreadcrumbList","@id":"https:\/\/nami-tech.es\/#breadcrumb","itemListElement":[{"@type":"ListItem","position":1,"name":"Portada","item":"https:\/\/nami-tech.es\/"},{"@type":"ListItem","position":2,"name":"Inicio"}]},{"@type":"WebSite","@id":"https:\/\/nami-tech.es\/#website","url":"https:\/\/nami-tech.es\/","name":"NaMi Tech","description":"Your life, easier","publisher":{"@id":"https:\/\/nami-tech.es\/#organization"},"potentialAction":[{"@type":"SearchAction","target":{"@type":"EntryPoint","urlTemplate":"https:\/\/nami-tech.es\/?s={search_term_string}"},"query-input":"required name=search_term_string"}],"inLanguage":"es"},{"@type":"Organization","@id":"https:\/\/nami-tech.es\/#organization","name":"NaMi Tech","url":"https:\/\/nami-tech.es\/","logo":{"@type":"ImageObject","inLanguage":"es","@id":"https:\/\/nami-tech.es\/#\/schema\/logo\/image\/","url":"https:\/\/nami-tech.es\/wp-content\/uploads\/2021\/09\/cropped-nami-1-1.png","contentUrl":"https:\/\/nami-tech.es\/wp-content\/uploads\/2021\/09\/cropped-nami-1-1.png","width":270,"height":270,"caption":"NaMi Tech"},"image":{"@id":"https:\/\/nami-tech.es\/#\/schema\/logo\/image\/"}}]}},"_links":{"self":[{"href":"https:\/\/nami-tech.es\/index.php?rest_route=\/wp\/v2\/pages\/10"}],"collection":[{"href":"https:\/\/nami-tech.es\/index.php?rest_route=\/wp\/v2\/pages"}],"about":[{"href":"https:\/\/nami-tech.es\/index.php?rest_route=\/wp\/v2\/types\/page"}],"author":[{"embeddable":true,"href":"https:\/\/nami-tech.es\/index.php?rest_route=\/wp\/v2\/users\/1"}],"replies":[{"embeddable":true,"href":"https:\/\/nami-tech.es\/index.php?rest_route=%2Fwp%2Fv2%2Fcomments&post=10"}],"version-history":[{"count":1,"href":"https:\/\/nami-tech.es\/index.php?rest_route=\/wp\/v2\/pages\/10\/revisions"}],"predecessor-version":[{"id":11,"href":"https:\/\/nami-tech.es\/index.php?rest_route=\/wp\/v2\/pages\/10\/revisions\/11"}],"wp:featuredmedia":[{"embeddable":true,"href":"https:\/\/nami-tech.es\/index.php?rest_route=\/wp\/v2\/media\/24"}],"wp:attachment":[{"href":"https:\/\/nami-tech.es\/index.php?rest_route=%2Fwp%2Fv2%2Fmedia&parent=10"}],"curies":[{"name":"wp","href":"https:\/\/api.w.org\/{rel}","templated":true}]}}